2, 3, 7, 61
What are the prime factors of 6837?
3, 43, 53
What are the prime factors of 1955?
5, 17, 23
List the prime factors of 23410.
2, 5, 2341
List the prime factors of 3993.
3, 11
List the prime factors of 5075.
5, 7, 29
What are the prime factors of 6527?
61, 107
List the prime factors of 6574.
2, 19, 173
List the prime factors of 4526.
2, 31, 73
What are the prime factors of 23718?
2, 3, 59, 67
List the prime factors of 232.
2, 29
What are the prime factors of 5010?
2, 3, 5, 167
What are the prime factors of 608?
2, 19
List the prime factors of 186.
2, 3, 31
List the prime factors of 828.
2, 3, 23
What are the prime factors of 1008?
2, 3, 7
List the prime factors of 46399.
46399
List the prime factors of 886.
2, 443
List the prime factors of 118270.
2, 5, 11827
What are the prime factors of 84743?
83, 1021
List the prime factors of 1360.
2, 5, 17
What are the prime factors of 1191?
3, 397
List the prime factors of 361.
19
List the prime factors of 12611.
12611
List the prime factors of 9929.
9929
What are the prime factors of 68402?
2, 23, 1487
List the prime factors of 2876.
2, 719
What are the prime factors of 29914?
2, 14957
What are the prime factors of 38194?
2, 13, 113
List the prime factors of 127803.
3, 13, 29, 113
List the prime factors of 1347.
3, 449
List the prime factors of 6231.
3, 31, 67
List the prime factors of 1619.
1619
List the prime factors of 34.
2, 17
What are the prime factors of 1456?
2, 7, 13
What are the prime factors of 3435?
3, 5, 229
What are the prime factors of 1294?
2, 647
What are the prime factors of 5904?
2, 3, 41
What are the prime factors of 151?
151
List the prime factors of 1238.
2, 619
List the prime factors of 164467.
163, 1009
What are the prime factors of 1034?
2, 11, 47
What are the prime factors of 19362?
2, 3, 7, 461
List the prime factors of 31597.
19, 1663
List the prime factors of 113.
113
List the prime factors of 265.
5, 53
List the prime factors of 1161.
3, 43
What are the prime factors of 7961?
19, 419
What are the prime factors of 540?
2, 3, 5
What are the prime factors of 777?
3, 7, 37
List the prime factors of 3202.
2, 1601
List the prime factors of 833.
7, 17
List the prime factors of 96583.
59, 1637
What are the prime factors of 27812?
2, 17, 409
What are the prime factors of 722?
2, 19
What are the prime factors of 2108?
2, 17, 31
List the prime factors of 2023.
7, 17
What are the prime factors of 614?
2, 307
List the prime factors of 6430.
2, 5, 643
What are the prime factors of 1839?
3, 613
What are the prime factors of 13827?
3, 11, 419
What are the prime factors of 87684?
2, 3, 7307
What are the prime factors of 111658?
2, 55829
List the prime factors of 3300.
2, 3, 5, 11
List the prime factors of 1091.
1091
What are the prime factors of 82324?
2, 11, 1871
What are the prime factors of 2889?
3, 107
List the prime factors of 3956.
2, 23, 43
List the prime factors of 43.
43
What are the prime factors of 4058?
2, 2029
List the prime factors of 1182.
2, 3, 197
List the prime factors of 1131.
3, 13, 29
List the prime factors of 10264.
2, 1283
List the prime factors of 18684.
2, 3, 173
What are the prime factors of 5373?
3, 199
What are the prime factors of 5945?
5, 29, 41
What are the prime factors of 3724?
2, 7, 19
List the prime factors of 82464.
2, 3, 859
What are the prime factors of 10844?
2, 2711
What are the prime factors of 11364?
2, 3, 947
What are the prime factors of 2851?
2851
List the prime factors of 4524.
2, 3, 13, 29
What are the prime factors of 3105?
3, 5, 23
What are the prime factors of 365?
5, 73
What are the prime factors of 2574?
2, 3, 11, 13
What are the prime factors of 189?
3, 7
What are the prime factors of 1260?
2, 3, 5, 7
List the prime factors of 95.
5, 19
What are the prime factors of 33248?
2, 1039
List the prime factors of 711.
3, 79
List the prime factors of 1970.
2, 5, 197
List the prime factors of 13795.
5, 31, 89
List the prime factors of 1781.
13, 137
What are the prime factors of 6231?
3, 31, 67
What are the prime factors of 397?
397
What are the prime factors of 22059?
3, 19, 43
List the prime factors of 1112.
2, 139
List the prime factors of 2398.
2, 11, 109
List the prime factors of 1694.
2, 7, 11
What are the prime factors of 148598?
2, 191, 389
What are the prime factors of 1217?
1217
List the prime factors of 11780.
2, 5, 19, 31
List the prime factors of 8953.
7, 1279
List the prime factors of 2726.
2, 29, 47
What are the prime factors of 133906?
2, 23, 41, 71
What are the prime factors of 844?
2, 211
What are the prime factors of 8318?
2, 4159
List the prime factors of 2871.
3, 11, 29
List the prime factors of 2748.
2, 3, 229
What are the prime factors of 2060?
2, 5, 103
List the prime factors of 20160.
2, 3, 5, 7
What are the prime factors of 18681?
3, 13, 479
What are the prime factors of 2990?
2, 5, 13, 23
What are the prime factors of 1268?
2, 317
What are the prime factors of 830?
2, 5, 83
List the prime factors of 2538.
2, 3, 47
List the prime factors of 1203.
3, 401
What are the prime factors of 808?
2, 101
What are the prime factors of 5099?
5099
List the prime factors of 3143.
7, 449
What are the prime factors of 38732?
2, 23, 421
List the prime factors of 40581.
3, 167
What are the prime factors of 3586?
2, 11, 163
List the prime factors of 3928.
2, 491
What are the prime factors of 200?
2, 5
List the prime factors of 64555.
5, 12911
List the prime factors of 2354.
2, 11, 107
What are the prime factors of 3287?
19, 173
List the prime factors of 21860.
2, 5, 1093
What are the prime factors of 45453?
3, 109, 139
List the prime factors of 8353.
8353
What are the prime factors of 7473?
3, 47, 53
List the prime factors of 2620.
2, 5, 131
What are the prime factors of 33336?
2, 3, 463
List the prime factors of 16.
2
List the prime factors of 50457.
3, 11, 139
List the prime factors of 128258.
2, 13, 4933
What are the prime factors of 73256?
2, 9157
What are the prime factors of 4068?
2, 3, 113
What are the prime factors of 1358?
2, 7, 97
What are the prime factors of 389?
389
List the prime factors of 2698.
2, 19, 71
List the prime factors of 38197.
38197
What are the prime factors of 855?
3, 5, 19
List the prime factors of 309.
3, 103
List the prime factors of 2573.
31, 83
What are the prime factors of 94555?
5, 18911
List the prime factors of 3585.
3, 5, 239
What are the prime factors of 21?
3, 7
What are the prime factors of 2607?
3, 11, 79
What are the prime factors of 41347?
173, 239
List the prime factors of 597.
3, 199
List the prime factors of 907.
907
What are the prime factors of 17792?
2, 139
List the prime factors of 1013.
1013
What are the prime factors of 15249?
3, 13, 17, 23
List the prime factors of 16585.
5, 31, 107
List the prime factors of 91375.
5, 17, 43
What are the prime factors of 2456?
2, 307
What are the prime factors of 8058?
2, 3, 17, 79
What are the prime factors of 2245?
5, 449
List the prime factors of 2268.
2, 3, 7
List the prime factors of 74481.
3, 11, 37, 61
List the prime factors of 8831.
8831
List the prime factors of 117447.
3, 11, 3559
What are the prime factors of 108192?
2, 3, 7, 23
List the prime factors of 9736.
2, 1217
List the prime factors of 1225.
5, 7
List the prime factors of 3965.
5, 13, 61
List the prime factors of 74.
2, 37
List the prime factors of 3049.
3049
What are the prime factors of 17090?
2, 5, 1709
What are the prime factors of 120811?
120811
List the prime factors of 30193.
109, 277
List the prime factors of 57790.
2, 5, 5779
What are the prime factors of 28177?
19, 1483
List the prime factors of 7462.
2, 7, 13, 41
List the prime factors of 1145.
5, 229
List the prime factors of 246.
2, 3, 41
What are the prime factors of 105496?
2, 13187
What are the prime factors of 120580?
2, 5, 6029
What are the prime factors of 9282?
2, 3, 7, 13, 17
What are the prime factors of 798?
2, 3, 7, 19
What are the prime factors of 177839?
177839
What are the prime factors of 2177?
7, 311
List the prime factors of 133919.
133919
What are the prime factors of 23003?
23003
List the prime factors of 26820.
2, 3, 5, 149
What are the prime factors of 68907?
3, 103, 223
What are the prime factors of 1201?
1201
List the prime factors of 3294.
2, 3, 61
What are the prime factors of 13598?
